{"id":40,"date":"2026-02-19T16:46:36","date_gmt":"2026-02-19T16:46:36","guid":{"rendered":"https:\/\/mathildepasseri.fr\/?page_id=40"},"modified":"2026-03-24T14:11:21","modified_gmt":"2026-03-24T14:11:21","slug":"a-propos","status":"publish","type":"page","link":"https:\/\/mathildepasseri.fr\/index.php\/a-propos\/","title":{"rendered":"A propos"},"content":{"rendered":"\n<div class=\"wp-block-group alignfull is-style-section-1 is-layout-flow wp-block-group-is-layout-flow is-style-section-1--1\" style=\"min-height:100vh;margin-top:0;margin-bottom:0;padding-top:var(--wp--preset--spacing--50);padding-right:var(--wp--preset--spacing--50);padding-bottom:var(--wp--preset--spacing--50);padding-left:var(--wp--preset--spacing--50)\">\n<div class=\"wp-block-columns alignfull is-layout-flex wp-container-core-columns-is-layout-47c06fe3 wp-block-columns-is-layout-flex\">\n<div class=\"wp-block-column is-layout-flow wp-block-column-is-layout-flow\">\n<div class=\"wp-block-cover\" style=\"min-height:1192px;aspect-ratio:unset;\"><img loading=\"lazy\" decoding=\"async\" width=\"685\" height=\"1024\" class=\"wp-block-cover__image-background wp-image-15 size-large\" alt=\"\" src=\"http:\/\/mathildepasseri.fr\/wp-content\/uploads\/2026\/02\/Capture-decran-2026-02-18-a-10.01.29-685x1024.png\" data-object-fit=\"cover\" srcset=\"https:\/\/mathildepasseri.fr\/wp-content\/uploads\/2026\/02\/Capture-decran-2026-02-18-a-10.01.29-685x1024.png 685w, https:\/\/mathildepasseri.fr\/wp-content\/uploads\/2026\/02\/Capture-decran-2026-02-18-a-10.01.29-201x300.png 201w, https:\/\/mathildepasseri.fr\/wp-content\/uploads\/2026\/02\/Capture-decran-2026-02-18-a-10.01.29-768x1148.png 768w, https:\/\/mathildepasseri.fr\/wp-content\/uploads\/2026\/02\/Capture-decran-2026-02-18-a-10.01.29-1028x1536.png 1028w, https:\/\/mathildepasseri.fr\/wp-content\/uploads\/2026\/02\/Capture-decran-2026-02-18-a-10.01.29.png 1354w\" sizes=\"auto, (max-width: 685px) 100vw, 685px\" \/><span aria-hidden=\"true\" class=\"wp-block-cover__background has-background-dim-0 has-background-dim\" style=\"background-color:#818181\"><\/span><div class=\"wp-block-cover__inner-container is-layout-flow wp-block-cover-is-layout-flow\">\n<div style=\"height:var(--wp--preset--spacing--20)\" aria-hidden=\"true\" class=\"wp-block-spacer\"><\/div>\n<\/div><\/div>\n<\/div>\n\n\n\n<div class=\"wp-block-column is-layout-flow wp-block-column-is-layout-flow\">\n<h2 class=\"wp-block-heading has-text-align-left\"><strong>Mon approche<\/strong><\/h2>\n\n\n\n<p class=\"has-text-align-center\"><strong>Chaque personne sait, mieux que quiconque, ce qui est bon pour elle.<\/strong><\/p>\n\n\n\n<p class=\"has-text-align-right\">Je suis certifi\u00e9e au conseil conjugal et familial au Planning Familial de Marseille(2022-2023). Ayant travaill\u00e9, en tant que conseill\u00e8re conjugale et familiale, au sein du Planning Familial ainsi que dans un centre de sant\u00e9 sexuelle d\u00e9partemental, c&#8217;est riche de ces exp\u00e9riences que je vous propose des accompagnements dans mon cabinet.<\/p>\n\n\n\n<p class=\"has-text-align-right\">Contrairement \u00e0 ce qu&#8217;on pourrait penser, je ne donne pas de conseils : je propose un espace d\u2019\u00e9coute et de r\u00e9flexion autour de la vie affective, relationnelle et sexuelle. L&#8217;id\u00e9e est de renforcer votre autonomie dans le respect de vos choix et de votre singularit\u00e9.<\/p>\n\n\n\n<p class=\"has-text-align-right\">Mon approche est \u00e9galement teint\u00e9e de la m\u00e9thode Gottman, une approche de th\u00e9rapie de couple visant \u00e0 renforcer l\u2019amiti\u00e9 au sein du couple et \u00e0 rendre les conflits plus constructifs.<\/p>\n\n\n\n<p class=\"has-text-align-right\">J\u2019accompagne les personnes en individuel ou en collectif (couple, famille, ami\u00b7es, etc\u2026)dans les moments de questionnement, de difficult\u00e9 ou de transition de vie.<\/p>\n\n\n\n<p class=\"has-text-align-right\">Je vous accueille dans un cadre que je souhaite le plus s\u00e9curisant possible, o\u00f9 la parole peut se d\u00e9poser sans crainte du jugement. Pour cela, je propose une \u00e9coute empathique et respectueuse de votre rythme. Vous \u00eates libre d\u2019aborder ce qui est important pour vous, au moment qui vous convient.<\/p>\n\n\n\n<p class=\"has-text-align-right\">J\u2019int\u00e8gre \u00e9galement dans ma pratique une attention aux r\u00e9alit\u00e9s sociales et aux oppressions syst\u00e9miques (sexisme, racisme, LGBTQIA+phobies, validisme, etc.) qui peuvent impacter les v\u00e9cus, les relations et l\u2019estime de soi. Cette grille de lecture ne d\u00e9finit pas les personnes, mais permet de reconna\u00eetre des contextes qui influencent leurs exp\u00e9riences de vie.<\/p>\n\n\n\n<p class=\"has-text-align-right\">Chaque individu reste unique, avec son histoire, ses ressentis et ses ressources.<\/p>\n<\/div>\n<\/div>\n<\/div>\n\n\n\n<div class=\"wp-block-group alignfull is-style-section-1 is-layout-flow wp-block-group-is-layout-flow is-style-section-1--2\" style=\"min-height:100vh;margin-top:0;margin-bottom:0;padding-top:var(--wp--preset--spacing--50);padding-right:var(--wp--preset--spacing--50);padding-bottom:var(--wp--preset--spacing--50);padding-left:var(--wp--preset--spacing--50)\">\n<div class=\"wp-block-columns alignfull are-vertically-aligned-top is-layout-flex wp-container-core-columns-is-layout-47c06fe3 wp-block-columns-is-layout-flex\">\n<div class=\"wp-block-column is-vertically-aligned-top is-layout-flow wp-block-column-is-layout-flow\">\n<h2 class=\"wp-block-heading\"><strong>Ce que je propose<\/strong><\/h2>\n\n\n\n<p><br>Mon travail s\u2019appuie sur :<\/p>\n\n\n\n<ul class=\"wp-block-list\">\n<li>l\u2019\u00e9coute active et empathique<\/li>\n\n\n\n<li>l\u2019alliance th\u00e9rapeutique<\/li>\n\n\n\n<li>le respect du rythme de chacun\u00b7e<\/li>\n\n\n\n<li>la valorisation des forces et des comp\u00e9tences d\u00e9j\u00e0 pr\u00e9sentes<\/li>\n\n\n\n<li>le soutien \u00e0 l\u2019autonomie et au pouvoir d\u2019agir<\/li>\n\n\n\n<li>une grille de lecture syst\u00e9mique<br><\/li>\n<\/ul>\n\n\n\n<p>C&#8217;est  un espace de collaboration : nous avan\u00e7ons ensemble, dans un dialogue qui vous permet de mieux vous comprendre, de clarifier vos besoins et de trouver des ajustements possibles dans votre vie personnelle ou relationnelle.<\/p>\n<\/div>\n\n\n\n<div class=\"wp-block-column is-vertically-aligned-top is-layout-flow wp-block-column-is-layout-flow\">\n<div class=\"wp-block-group is-vertical is-content-justification-stretch is-nowrap is-layout-flex wp-container-core-group-is-layout-9a2e2d63 wp-block-group-is-layout-flex\" style=\"min-height:100%\">\n<div class=\"wp-block-cover\" style=\"min-height:606px;aspect-ratio:unset;\"><img loading=\"lazy\" decoding=\"async\" width=\"1024\" height=\"973\" class=\"wp-block-cover__image-background wp-image-138 size-large\" alt=\"\" src=\"https:\/\/mathildepasseri.fr\/wp-content\/uploads\/2026\/02\/Capture-decran-2026-02-21-a-14.25.13-1024x973.png\" data-object-fit=\"cover\" srcset=\"https:\/\/mathildepasseri.fr\/wp-content\/uploads\/2026\/02\/Capture-decran-2026-02-21-a-14.25.13-1024x973.png 1024w, https:\/\/mathildepasseri.fr\/wp-content\/uploads\/2026\/02\/Capture-decran-2026-02-21-a-14.25.13-300x285.png 300w, https:\/\/mathildepasseri.fr\/wp-content\/uploads\/2026\/02\/Capture-decran-2026-02-21-a-14.25.13-768x730.png 768w, https:\/\/mathildepasseri.fr\/wp-content\/uploads\/2026\/02\/Capture-decran-2026-02-21-a-14.25.13.png 1320w\" sizes=\"auto, (max-width: 1024px) 100vw, 1024px\" \/><span aria-hidden=\"true\" class=\"wp-block-cover__background has-background-dim-0 has-background-dim\" style=\"background-color:#818181\"><\/span><div class=\"wp-block-cover__inner-container is-layout-flow wp-block-cover-is-layout-flow\">\n<div style=\"height:var(--wp--preset--spacing--20)\" aria-hidden=\"true\" class=\"wp-block-spacer\"><\/div>\n<\/div><\/div>\n<\/div>\n<\/div>\n<\/div>\n<\/div>\n\n\n\n<div class=\"wp-block-group alignfull is-style-section-1 is-layout-flow wp-block-group-is-layout-flow is-style-section-1--3\" style=\"min-height:100vh;margin-top:0;margin-bottom:0;padding-top:var(--wp--preset--spacing--50);padding-right:var(--wp--preset--spacing--50);padding-bottom:var(--wp--preset--spacing--50);padding-left:var(--wp--preset--spacing--50)\">\n<div class=\"wp-block-columns alignfull is-layout-flex wp-container-core-columns-is-layout-47c06fe3 wp-block-columns-is-layout-flex\">\n<div class=\"wp-block-column is-layout-flow wp-block-column-is-layout-flow\">\n<div class=\"wp-block-cover is-light\" style=\"min-height:900px;aspect-ratio:unset;\"><img loading=\"lazy\" decoding=\"async\" width=\"898\" height=\"1024\" class=\"wp-block-cover__image-background wp-image-207 size-large\" alt=\"\" src=\"http:\/\/mathildepasseri.fr\/wp-content\/uploads\/2026\/02\/Capture-decran-2026-02-23-a-17.20.46-898x1024.png\" data-object-fit=\"cover\" srcset=\"https:\/\/mathildepasseri.fr\/wp-content\/uploads\/2026\/02\/Capture-decran-2026-02-23-a-17.20.46-898x1024.png 898w, https:\/\/mathildepasseri.fr\/wp-content\/uploads\/2026\/02\/Capture-decran-2026-02-23-a-17.20.46-263x300.png 263w, https:\/\/mathildepasseri.fr\/wp-content\/uploads\/2026\/02\/Capture-decran-2026-02-23-a-17.20.46-768x876.png 768w, https:\/\/mathildepasseri.fr\/wp-content\/uploads\/2026\/02\/Capture-decran-2026-02-23-a-17.20.46.png 1166w\" sizes=\"auto, (max-width: 898px) 100vw, 898px\" \/><span aria-hidden=\"true\" class=\"wp-block-cover__background has-background-dim-0 has-background-dim\" style=\"background-color:#818181\"><\/span><div class=\"wp-block-cover__inner-container is-layout-flow wp-block-cover-is-layout-flow\">\n<div style=\"height:var(--wp--preset--spacing--20)\" aria-hidden=\"true\" class=\"wp-block-spacer\"><\/div>\n<\/div><\/div>\n<\/div>\n\n\n\n<div class=\"wp-block-column is-layout-flow wp-block-column-is-layout-flow\">\n<h2 class=\"wp-block-heading has-text-align-right\"><strong>Pour qui ?<\/strong><\/h2>\n\n\n\n<p class=\"has-text-align-right\">Je vous accueille en individuel ou en collectif (couple, famille, ami\u00b7es, relations de voisinage, de travail,&#8230;) notamment pour :<\/p>\n\n\n\n<ul class=\"wp-block-list\">\n<li>des difficult\u00e9s \u00e0 faire des choix<\/li>\n\n\n\n<li>de l&#8217;anxi\u00e9t\u00e9, du stress<\/li>\n\n\n\n<li>des p\u00e9riodes de transition ou de remise en question<\/li>\n\n\n\n<li>des difficult\u00e9s ou crises relationnelles <\/li>\n\n\n\n<li>des probl\u00e8mes de communication : disputes fr\u00e9quentes, incompr\u00e9hensions, d\u00e9saccords&#8230;<\/li>\n\n\n\n<li>des s\u00e9parations difficiles<\/li>\n\n\n\n<li>des situations de violences actuelles ou pass\u00e9es (conjugales, sexuelles, discriminations, travail, etc&#8230;)<\/li>\n\n\n\n<li>des questionnements autour de la sexualit\u00e9<\/li>\n\n\n\n<li>des questionnements autour de l\u2019estime de soi et de la confiance en soi<\/li>\n\n\n\n<li>des questionnements autour de l&#8217;identit\u00e9 de genre<\/li>\n\n\n\n<li>des questionnements autour de l&#8217;orientation sexuelle<\/li>\n\n\n\n<li>etc&#8230;<\/li>\n<\/ul>\n\n\n\n<p class=\"has-text-align-right\">Consulter peut \u00eatre difficile \u00e0 envisager. Oser demander de l\u2019aide est une d\u00e9marche courageuse et souvent porteuse de changement. Si vous ressentez le besoin d\u2019un espace pour d\u00e9poser ce que vous vivez, tenter de comprendre ou faire \u00e9voluer vos relations, je serai honor\u00e9e de vous accompagner.<\/p>\n<\/div>\n<\/div>\n<\/div>\n\n\n\n<div class=\"wp-block-columns is-layout-flex wp-container-core-columns-is-layout-28f84493 wp-block-columns-is-layout-flex\">\n<div class=\"wp-block-column is-layout-flow wp-block-column-is-layout-flow\">\n<p class=\"has-text-align-center\"><strong>Vous pouvez me contacter au 06 19 22 91 29<\/strong><\/p>\n\n\n\n<p class=\"has-text-align-center\"><strong>ou par mail \u00e0 passerimathilde@yahoo.com<\/strong><\/p>\n<\/div>\n<\/div>\n\n\n\n<p class=\"has-text-align-center\">Conseill\u00e8re conjugale et familiale \u00e0 Valence, dans la Dr\u00f4me<\/p>\n","protected":false},"excerpt":{"rendered":"<p>Mon approche Chaque personne sait, mieux que quiconque, ce qui est bon pour elle. Je suis certifi\u00e9e au conseil conjugal et familial au Planning Familial de Marseille(2022-2023). Ayant travaill\u00e9, en tant que conseill\u00e8re conjugale et familiale, au sein du Planning Familial ainsi que dans un centre de sant\u00e9 sexuelle d\u00e9partemental, c&#8217;est riche de ces exp\u00e9riences [&hellip;]<\/p>\n","protected":false},"author":1,"featured_media":0,"parent":0,"menu_order":0,"comment_status":"closed","ping_status":"closed","template":"","meta":{"footnotes":""},"class_list":["post-40","page","type-page","status-publish","hentry"],"_links":{"self":[{"href":"https:\/\/mathildepasseri.fr\/index.php\/wp-json\/wp\/v2\/pages\/40","targetHints":{"allow":["GET"]}}],"collection":[{"href":"https:\/\/mathildepasseri.fr\/index.php\/wp-json\/wp\/v2\/pages"}],"about":[{"href":"https:\/\/mathildepasseri.fr\/index.php\/wp-json\/wp\/v2\/types\/page"}],"author":[{"embeddable":true,"href":"https:\/\/mathildepasseri.fr\/index.php\/wp-json\/wp\/v2\/users\/1"}],"replies":[{"embeddable":true,"href":"https:\/\/mathildepasseri.fr\/index.php\/wp-json\/wp\/v2\/comments?post=40"}],"version-history":[{"count":76,"href":"https:\/\/mathildepasseri.fr\/index.php\/wp-json\/wp\/v2\/pages\/40\/revisions"}],"predecessor-version":[{"id":251,"href":"https:\/\/mathildepasseri.fr\/index.php\/wp-json\/wp\/v2\/pages\/40\/revisions\/251"}],"wp:attachment":[{"href":"https:\/\/mathildepasseri.fr\/index.php\/wp-json\/wp\/v2\/media?parent=40"}],"curies":[{"name":"wp","href":"https:\/\/api.w.org\/{rel}","templated":true}]}}

<div class="wp-block-group alignfull is-style-section-1 is-layout-flow wp-block-group-is-layout-flow is-style-section-1--1" style="min-height:100vh;margin-top:0;margin-bottom:0;padding-top:var(--wp--preset--spacing--50);padding-right:var(--wp--preset--spacing--50);padding-bottom:var(--wp--preset--spacing--50);padding-left:var(--wp--preset--spacing--50)">
<div class="wp-block-columns alignfull is-layout-flex wp-container-core-columns-is-layout-47c06fe3 wp-block-columns-is-layout-flex">
<div class="wp-block-column is-layout-flow wp-block-column-is-layout-flow">
<div class="wp-block-cover" style="min-height:1192px;aspect-ratio:unset;"><img loading="lazy" decoding="async" width="685" height="1024" class="wp-block-cover__image-background wp-image-15 size-large" alt="" src="http://mathildepasseri.fr/wp-content/uploads/2026/02/Capture-decran-2026-02-18-a-10.01.29-685x1024.png" data-object-fit="cover" srcset="https://mathildepasseri.fr/wp-content/uploads/2026/02/Capture-decran-2026-02-18-a-10.01.29-685x1024.png 685w, https://mathildepasseri.fr/wp-content/uploads/2026/02/Capture-decran-2026-02-18-a-10.01.29-201x300.png 201w, https://mathildepasseri.fr/wp-content/uploads/2026/02/Capture-decran-2026-02-18-a-10.01.29-768x1148.png 768w, https://mathildepasseri.fr/wp-content/uploads/2026/02/Capture-decran-2026-02-18-a-10.01.29-1028x1536.png 1028w, https://mathildepasseri.fr/wp-content/uploads/2026/02/Capture-decran-2026-02-18-a-10.01.29.png 1354w" sizes="auto, (max-width: 685px) 100vw, 685px" /><span aria-hidden="true" class="wp-block-cover__background has-background-dim-0 has-background-dim" style="background-color:#818181"></span><div class="wp-block-cover__inner-container is-layout-flow wp-block-cover-is-layout-flow">
<div style="height:var(--wp--preset--spacing--20)" aria-hidden="true" class="wp-block-spacer"></div>
</div></div>
</div>



<div class="wp-block-column is-layout-flow wp-block-column-is-layout-flow">
<h2 class="wp-block-heading has-text-align-left"><strong>Mon approche</strong></h2>



<p class="has-text-align-center"><strong>Chaque personne sait, mieux que quiconque, ce qui est bon pour elle.</strong></p>



<p class="has-text-align-right">Je suis certifiée au conseil conjugal et familial au Planning Familial de Marseille(2022-2023). Ayant travaillé, en tant que conseillère conjugale et familiale, au sein du Planning Familial ainsi que dans un centre de santé sexuelle départemental, c&#8217;est riche de ces expériences que je vous propose des accompagnements dans mon cabinet.</p>



<p class="has-text-align-right">Contrairement à ce qu&#8217;on pourrait penser, je ne donne pas de conseils : je propose un espace d’écoute et de réflexion autour de la vie affective, relationnelle et sexuelle. L&#8217;idée est de renforcer votre autonomie dans le respect de vos choix et de votre singularité.</p>



<p class="has-text-align-right">Mon approche est également teintée de la méthode Gottman, une approche de thérapie de couple visant à renforcer l’amitié au sein du couple et à rendre les conflits plus constructifs.</p>



<p class="has-text-align-right">J’accompagne les personnes en individuel ou en collectif (couple, famille, ami·es, etc…)dans les moments de questionnement, de difficulté ou de transition de vie.</p>



<p class="has-text-align-right">Je vous accueille dans un cadre que je souhaite le plus sécurisant possible, où la parole peut se déposer sans crainte du jugement. Pour cela, je propose une écoute empathique et respectueuse de votre rythme. Vous êtes libre d’aborder ce qui est important pour vous, au moment qui vous convient.</p>



<p class="has-text-align-right">J’intègre également dans ma pratique une attention aux réalités sociales et aux oppressions systémiques (sexisme, racisme, LGBTQIA+phobies, validisme, etc.) qui peuvent impacter les vécus, les relations et l’estime de soi. Cette grille de lecture ne définit pas les personnes, mais permet de reconnaître des contextes qui influencent leurs expériences de vie.</p>



<p class="has-text-align-right">Chaque individu reste unique, avec son histoire, ses ressentis et ses ressources.</p>
</div>
</div>
</div>



<div class="wp-block-group alignfull is-style-section-1 is-layout-flow wp-block-group-is-layout-flow is-style-section-1--2" style="min-height:100vh;margin-top:0;margin-bottom:0;padding-top:var(--wp--preset--spacing--50);padding-right:var(--wp--preset--spacing--50);padding-bottom:var(--wp--preset--spacing--50);padding-left:var(--wp--preset--spacing--50)">
<div class="wp-block-columns alignfull are-vertically-aligned-top is-layout-flex wp-container-core-columns-is-layout-47c06fe3 wp-block-columns-is-layout-flex">
<div class="wp-block-column is-vertically-aligned-top is-layout-flow wp-block-column-is-layout-flow">
<h2 class="wp-block-heading"><strong>Ce que je propose</strong></h2>



<p><br>Mon travail s’appuie sur :</p>



<ul class="wp-block-list">
<li>l’écoute active et empathique</li>



<li>l’alliance thérapeutique</li>



<li>le respect du rythme de chacun·e</li>



<li>la valorisation des forces et des compétences déjà présentes</li>



<li>le soutien à l’autonomie et au pouvoir d’agir</li>



<li>une grille de lecture systémique<br></li>
</ul>



<p>C&#8217;est  un espace de collaboration : nous avançons ensemble, dans un dialogue qui vous permet de mieux vous comprendre, de clarifier vos besoins et de trouver des ajustements possibles dans votre vie personnelle ou relationnelle.</p>
</div>



<div class="wp-block-column is-vertically-aligned-top is-layout-flow wp-block-column-is-layout-flow">
<div class="wp-block-group is-vertical is-content-justification-stretch is-nowrap is-layout-flex wp-container-core-group-is-layout-9a2e2d63 wp-block-group-is-layout-flex" style="min-height:100%">
<div class="wp-block-cover" style="min-height:606px;aspect-ratio:unset;"><img loading="lazy" decoding="async" width="1024" height="973" class="wp-block-cover__image-background wp-image-138 size-large" alt="" src="https://mathildepasseri.fr/wp-content/uploads/2026/02/Capture-decran-2026-02-21-a-14.25.13-1024x973.png" data-object-fit="cover" srcset="https://mathildepasseri.fr/wp-content/uploads/2026/02/Capture-decran-2026-02-21-a-14.25.13-1024x973.png 1024w, https://mathildepasseri.fr/wp-content/uploads/2026/02/Capture-decran-2026-02-21-a-14.25.13-300x285.png 300w, https://mathildepasseri.fr/wp-content/uploads/2026/02/Capture-decran-2026-02-21-a-14.25.13-768x730.png 768w, https://mathildepasseri.fr/wp-content/uploads/2026/02/Capture-decran-2026-02-21-a-14.25.13.png 1320w" sizes="auto, (max-width: 1024px) 100vw, 1024px" /><span aria-hidden="true" class="wp-block-cover__background has-background-dim-0 has-background-dim" style="background-color:#818181"></span><div class="wp-block-cover__inner-container is-layout-flow wp-block-cover-is-layout-flow">
<div style="height:var(--wp--preset--spacing--20)" aria-hidden="true" class="wp-block-spacer"></div>
</div></div>
</div>
</div>
</div>
</div>



<div class="wp-block-group alignfull is-style-section-1 is-layout-flow wp-block-group-is-layout-flow is-style-section-1--3" style="min-height:100vh;margin-top:0;margin-bottom:0;padding-top:var(--wp--preset--spacing--50);padding-right:var(--wp--preset--spacing--50);padding-bottom:var(--wp--preset--spacing--50);padding-left:var(--wp--preset--spacing--50)">
<div class="wp-block-columns alignfull is-layout-flex wp-container-core-columns-is-layout-47c06fe3 wp-block-columns-is-layout-flex">
<div class="wp-block-column is-layout-flow wp-block-column-is-layout-flow">
<div class="wp-block-cover is-light" style="min-height:900px;aspect-ratio:unset;"><img loading="lazy" decoding="async" width="898" height="1024" class="wp-block-cover__image-background wp-image-207 size-large" alt="" src="http://mathildepasseri.fr/wp-content/uploads/2026/02/Capture-decran-2026-02-23-a-17.20.46-898x1024.png" data-object-fit="cover" srcset="https://mathildepasseri.fr/wp-content/uploads/2026/02/Capture-decran-2026-02-23-a-17.20.46-898x1024.png 898w, https://mathildepasseri.fr/wp-content/uploads/2026/02/Capture-decran-2026-02-23-a-17.20.46-263x300.png 263w, https://mathildepasseri.fr/wp-content/uploads/2026/02/Capture-decran-2026-02-23-a-17.20.46-768x876.png 768w, https://mathildepasseri.fr/wp-content/uploads/2026/02/Capture-decran-2026-02-23-a-17.20.46.png 1166w" sizes="auto, (max-width: 898px) 100vw, 898px" /><span aria-hidden="true" class="wp-block-cover__background has-background-dim-0 has-background-dim" style="background-color:#818181"></span><div class="wp-block-cover__inner-container is-layout-flow wp-block-cover-is-layout-flow">
<div style="height:var(--wp--preset--spacing--20)" aria-hidden="true" class="wp-block-spacer"></div>
</div></div>
</div>



<div class="wp-block-column is-layout-flow wp-block-column-is-layout-flow">
<h2 class="wp-block-heading has-text-align-right"><strong>Pour qui ?</strong></h2>



<p class="has-text-align-right">Je vous accueille en individuel ou en collectif (couple, famille, ami·es, relations de voisinage, de travail,&#8230;) notamment pour :</p>



<ul class="wp-block-list">
<li>des difficultés à faire des choix</li>



<li>de l&#8217;anxiété, du stress</li>



<li>des périodes de transition ou de remise en question</li>



<li>des difficultés ou crises relationnelles </li>



<li>des problèmes de communication : disputes fréquentes, incompréhensions, désaccords&#8230;</li>



<li>des séparations difficiles</li>



<li>des situations de violences actuelles ou passées (conjugales, sexuelles, discriminations, travail, etc&#8230;)</li>



<li>des questionnements autour de la sexualité</li>



<li>des questionnements autour de l’estime de soi et de la confiance en soi</li>



<li>des questionnements autour de l&#8217;identité de genre</li>



<li>des questionnements autour de l&#8217;orientation sexuelle</li>



<li>etc&#8230;</li>
</ul>



<p class="has-text-align-right">Consulter peut être difficile à envisager. Oser demander de l’aide est une démarche courageuse et souvent porteuse de changement. Si vous ressentez le besoin d’un espace pour déposer ce que vous vivez, tenter de comprendre ou faire évoluer vos relations, je serai honorée de vous accompagner.</p>
</div>
</div>
</div>



<div class="wp-block-columns is-layout-flex wp-container-core-columns-is-layout-28f84493 wp-block-columns-is-layout-flex">
<div class="wp-block-column is-layout-flow wp-block-column-is-layout-flow">
<p class="has-text-align-center"><strong>Vous pouvez me contacter au 06 19 22 91 29</strong></p>



<p class="has-text-align-center"><strong>ou par mail à passerimathilde@yahoo.com</strong></p>
</div>
</div>



<p class="has-text-align-center">Conseillère conjugale et familiale à Valence, dans la Drôme</p>

<p>Mon approche Chaque personne sait, mieux que quiconque, ce qui est bon pour elle. Je suis certifiée au conseil conjugal et familial au Planning Familial de Marseille(2022-2023). Ayant travaillé, en tant que conseillère conjugale et familiale, au sein du Planning Familial ainsi que dans un centre de santé sexuelle départemental, c&#8217;est riche de ces expériences [&hellip;]</p>
