{"id":55,"date":"2026-02-19T16:46:49","date_gmt":"2026-02-19T16:46:49","guid":{"rendered":"https:\/\/mathildepasseri.fr\/?page_id=55"},"modified":"2026-03-09T16:54:33","modified_gmt":"2026-03-09T16:54:33","slug":"contact","status":"publish","type":"page","link":"https:\/\/mathildepasseri.fr\/index.php\/contact\/","title":{"rendered":"Contact"},"content":{"rendered":"\n<blockquote class=\"wp-block-quote alignfull has-text-align-center is-style-plain is-layout-flow wp-block-quote-is-layout-flow is-style-plain--1\">\n<p data-wp-context---core-fit-text=\"core\/fit-text::{&quot;fontSize&quot;:&quot;&quot;}\" data-wp-init---core-fit-text=\"core\/fit-text::callbacks.init\" data-wp-interactive data-wp-style--font-size=\"core\/fit-text::context.fontSize\" class=\"has-fit-text\"><strong>Si vous avez la moindre question ou souhaitez prendre rendez-vous, je serai ravie d\u2019\u00e9changer avec vous par t\u00e9l\u00e9phone ou par email.<\/strong><\/p>\n\n\n\n<div style=\"height:12px\" aria-hidden=\"true\" class=\"wp-block-spacer\"><\/div>\n<\/blockquote>\n\n\n\n<div class=\"wp-block-group alignfull is-layout-flow wp-container-core-group-is-layout-f9cb6abc wp-block-group-is-layout-flow\" style=\"margin-top:0;margin-bottom:0\">\n<div class=\"wp-block-columns alignfull is-style-section-1 is-layout-flex wp-container-core-columns-is-layout-d9884270 wp-block-columns-is-layout-flex is-style-section-1--2\" style=\"padding-top:0;padding-bottom:0\">\n<div class=\"wp-block-column is-style-section-1 is-layout-flow wp-block-column-is-layout-flow is-style-section-1--3\" style=\"flex-basis:50%\">\n<div class=\"wp-block-group is-vertical is-content-justification-stretch is-layout-flex wp-container-core-group-is-layout-098fff0a wp-block-group-is-layout-flex\" style=\"min-height:33vh;padding-top:var(--wp--preset--spacing--50);padding-right:var(--wp--preset--spacing--50);padding-bottom:var(--wp--preset--spacing--50);padding-left:var(--wp--preset--spacing--50)\">\n<h2 class=\"wp-block-heading has-text-align-center\">06 19 22 91 29<\/h2>\n\n\n\n<h2 class=\"wp-block-heading has-text-align-center\">passerimathilde@yahoo.com<\/h2>\n\n\n\n<div style=\"height:46px\" aria-hidden=\"true\" class=\"wp-block-spacer wp-container-content-b5f14f7b\"><\/div>\n\n\n\n<h2 class=\"wp-block-heading has-text-align-center\">94 avenue Victor Hugo &#8211; Valence <\/h2>\n\n\n\n<h2 class=\"wp-block-heading has-text-align-center\">Le cabinet est situ\u00e9 \u00e0 500 m\u00e8tres de la gare de Valence Ville et est accessible aux personnes \u00e0 mobilit\u00e9 r\u00e9duite.<\/h2>\n<\/div>\n<\/div>\n\n\n\n<div class=\"wp-block-column is-layout-flow wp-block-column-is-layout-flow\" style=\"flex-basis:50%\">\n<div class=\"wp-block-cover is-light\"><img loading=\"lazy\" decoding=\"async\" width=\"1024\" height=\"612\" class=\"wp-block-cover__image-background wp-image-56 size-large\" alt=\"\" src=\"https:\/\/mathildepasseri.fr\/wp-content\/uploads\/2026\/02\/Capture-decran-2026-02-18-a-16.20.41-1024x612.png\" data-object-fit=\"cover\" srcset=\"https:\/\/mathildepasseri.fr\/wp-content\/uploads\/2026\/02\/Capture-decran-2026-02-18-a-16.20.41-1024x612.png 1024w, https:\/\/mathildepasseri.fr\/wp-content\/uploads\/2026\/02\/Capture-decran-2026-02-18-a-16.20.41-300x179.png 300w, https:\/\/mathildepasseri.fr\/wp-content\/uploads\/2026\/02\/Capture-decran-2026-02-18-a-16.20.41-768x459.png 768w, https:\/\/mathildepasseri.fr\/wp-content\/uploads\/2026\/02\/Capture-decran-2026-02-18-a-16.20.41-1536x919.png 1536w, https:\/\/mathildepasseri.fr\/wp-content\/uploads\/2026\/02\/Capture-decran-2026-02-18-a-16.20.41-2048x1225.png 2048w\" sizes=\"auto, (max-width: 1024px) 100vw, 1024px\" \/><span aria-hidden=\"true\" class=\"wp-block-cover__background has-background-dim-0 has-background-dim\" style=\"background-color:#eef0e8\"><\/span><div class=\"wp-block-cover__inner-container is-layout-flow wp-block-cover-is-layout-flow\">\n<div style=\"height:var(--wp--preset--spacing--20)\" aria-hidden=\"true\" class=\"wp-block-spacer\"><\/div>\n<\/div><\/div>\n<\/div>\n<\/div>\n<\/div>\n\n\n\n<p class=\"has-text-align-center\">Conseill\u00e8re conjugale et familiale \u00e0 Valence, dans la Dr\u00f4me<\/p>\n","protected":false},"excerpt":{"rendered":"<p>06 19 22 91 29 passerimathilde@yahoo.com 94 avenue Victor Hugo &#8211; Valence Le cabinet est situ\u00e9 \u00e0 500 m\u00e8tres de la gare de Valence Ville et est accessible aux personnes \u00e0 mobilit\u00e9 r\u00e9duite. Conseill\u00e8re conjugale et familiale \u00e0 Valence, dans la Dr\u00f4me<\/p>\n","protected":false},"author":1,"featured_media":0,"parent":0,"menu_order":0,"comment_status":"closed","ping_status":"closed","template":"","meta":{"footnotes":""},"class_list":["post-55","page","type-page","status-publish","hentry"],"_links":{"self":[{"href":"https:\/\/mathildepasseri.fr\/index.php\/wp-json\/wp\/v2\/pages\/55","targetHints":{"allow":["GET"]}}],"collection":[{"href":"https:\/\/mathildepasseri.fr\/index.php\/wp-json\/wp\/v2\/pages"}],"about":[{"href":"https:\/\/mathildepasseri.fr\/index.php\/wp-json\/wp\/v2\/types\/page"}],"author":[{"embeddable":true,"href":"https:\/\/mathildepasseri.fr\/index.php\/wp-json\/wp\/v2\/users\/1"}],"replies":[{"embeddable":true,"href":"https:\/\/mathildepasseri.fr\/index.php\/wp-json\/wp\/v2\/comments?post=55"}],"version-history":[{"count":26,"href":"https:\/\/mathildepasseri.fr\/index.php\/wp-json\/wp\/v2\/pages\/55\/revisions"}],"predecessor-version":[{"id":238,"href":"https:\/\/mathildepasseri.fr\/index.php\/wp-json\/wp\/v2\/pages\/55\/revisions\/238"}],"wp:attachment":[{"href":"https:\/\/mathildepasseri.fr\/index.php\/wp-json\/wp\/v2\/media?parent=55"}],"curies":[{"name":"wp","href":"https:\/\/api.w.org\/{rel}","templated":true}]}}

<blockquote class="wp-block-quote alignfull has-text-align-center is-style-plain is-layout-flow wp-block-quote-is-layout-flow is-style-plain--1">
<p data-wp-context---core-fit-text="core/fit-text::{&quot;fontSize&quot;:&quot;&quot;}" data-wp-init---core-fit-text="core/fit-text::callbacks.init" data-wp-interactive data-wp-style--font-size="core/fit-text::context.fontSize" class="has-fit-text"><strong>Si vous avez la moindre question ou souhaitez prendre rendez-vous, je serai ravie d’échanger avec vous par téléphone ou par email.</strong></p>



<div style="height:12px" aria-hidden="true" class="wp-block-spacer"></div>
</blockquote>



<div class="wp-block-group alignfull is-layout-flow wp-container-core-group-is-layout-f9cb6abc wp-block-group-is-layout-flow" style="margin-top:0;margin-bottom:0">
<div class="wp-block-columns alignfull is-style-section-1 is-layout-flex wp-container-core-columns-is-layout-d9884270 wp-block-columns-is-layout-flex is-style-section-1--2" style="padding-top:0;padding-bottom:0">
<div class="wp-block-column is-style-section-1 is-layout-flow wp-block-column-is-layout-flow is-style-section-1--3" style="flex-basis:50%">
<div class="wp-block-group is-vertical is-content-justification-stretch is-layout-flex wp-container-core-group-is-layout-098fff0a wp-block-group-is-layout-flex" style="min-height:33vh;padding-top:var(--wp--preset--spacing--50);padding-right:var(--wp--preset--spacing--50);padding-bottom:var(--wp--preset--spacing--50);padding-left:var(--wp--preset--spacing--50)">
<h2 class="wp-block-heading has-text-align-center">06 19 22 91 29</h2>



<h2 class="wp-block-heading has-text-align-center">passerimathilde@yahoo.com</h2>



<div style="height:46px" aria-hidden="true" class="wp-block-spacer wp-container-content-b5f14f7b"></div>



<h2 class="wp-block-heading has-text-align-center">94 avenue Victor Hugo &#8211; Valence </h2>



<h2 class="wp-block-heading has-text-align-center">Le cabinet est situé à 500 mètres de la gare de Valence Ville et est accessible aux personnes à mobilité réduite.</h2>
</div>
</div>



<div class="wp-block-column is-layout-flow wp-block-column-is-layout-flow" style="flex-basis:50%">
<div class="wp-block-cover is-light"><img loading="lazy" decoding="async" width="1024" height="612" class="wp-block-cover__image-background wp-image-56 size-large" alt="" src="https://mathildepasseri.fr/wp-content/uploads/2026/02/Capture-decran-2026-02-18-a-16.20.41-1024x612.png" data-object-fit="cover" srcset="https://mathildepasseri.fr/wp-content/uploads/2026/02/Capture-decran-2026-02-18-a-16.20.41-1024x612.png 1024w, https://mathildepasseri.fr/wp-content/uploads/2026/02/Capture-decran-2026-02-18-a-16.20.41-300x179.png 300w, https://mathildepasseri.fr/wp-content/uploads/2026/02/Capture-decran-2026-02-18-a-16.20.41-768x459.png 768w, https://mathildepasseri.fr/wp-content/uploads/2026/02/Capture-decran-2026-02-18-a-16.20.41-1536x919.png 1536w, https://mathildepasseri.fr/wp-content/uploads/2026/02/Capture-decran-2026-02-18-a-16.20.41-2048x1225.png 2048w" sizes="auto, (max-width: 1024px) 100vw, 1024px" /><span aria-hidden="true" class="wp-block-cover__background has-background-dim-0 has-background-dim" style="background-color:#eef0e8"></span><div class="wp-block-cover__inner-container is-layout-flow wp-block-cover-is-layout-flow">
<div style="height:var(--wp--preset--spacing--20)" aria-hidden="true" class="wp-block-spacer"></div>
</div></div>
</div>
</div>
</div>



<p class="has-text-align-center">Conseillère conjugale et familiale à Valence, dans la Drôme</p>

<p>06 19 22 91 29 passerimathilde@yahoo.com 94 avenue Victor Hugo &#8211; Valence Le cabinet est situé à 500 mètres de la gare de Valence Ville et est accessible aux personnes à mobilité réduite. Conseillère conjugale et familiale à Valence, dans la Drôme</p>
